visor of 60 and 8940.
60
What is the greatest common factor of 30 and 10?
10
What is the greatest common divisor of 21 and 35?
7
Calculate the highest common factor of 5 and 19905.
5
Calculate the greatest common divisor of 1216 and 1064.
152
Calculate the highest common divisor of 1958 and 890.
178
Calculate the highest common factor of 8 and 4552.
8
What is the highest common divisor of 88092 and 18?
18
What is the highest common factor of 7 and 5803?
7
What is the greatest common factor of 20 and 150?
10
Calculate the highest common divisor of 952 and 21.
7
What is the highest common factor of 1148 and 1400?
28
What is the highest common factor of 4500 and 24?
12
What is the highest common divisor of 40 and 1000?
40
What is the greatest common divisor of 246 and 76506?
246
Calculate the greatest common factor of 25 and 325.
25
What is the greatest common divisor of 858 and 198?
66
What is the highest common divisor of 306 and 21?
3
Calculate the greatest common divisor of 81 and 567.
81
Calculate the greatest common factor of 2023 and 595.
119
What is the greatest common factor of 403 and 1417?
13
Calculate the greatest common divisor of 312 and 26.
26
Calculate the highest common factor of 170 and 10.
10
What is the greatest common divisor of 108 and 8?
4
What is the highest common factor of 1280 and 64?
64
Calculate the highest common divisor of 232 and 2900.
116
Calculate the highest common factor of 180 and 4.
4
Calculate the highest common divisor of 128 and 144.
16
What is the greatest common divisor of 88 and 77?
11
Calculate the greatest common divisor of 120 and 1104.
24
Calculate the greatest common factor of 113 and 13560.
113
What is the highest common divisor of 108 and 108?
108
What is the greatest common divisor of 11918 and 1010?
202
What is the greatest common divisor of 713 and 527?
31
Calculate the greatest common divisor of 406 and 174.
58
What is the greatest common divisor of 7 and 1337?
7
Calculate the greatest common divisor of 13 and 871.
13
Calculate the greatest common divisor of 4589 and 13.
13
Calculate the greatest common divisor of 2586 and 60.
6
Calculate the greatest common divisor of 112 and 84.
28
What is the greatest common factor of 230 and 3358?
46
Calculate the highest common factor of 558 and 90.
18
Calculate the greatest common divisor of 59 and 2537.
59
Calculate the highest common divisor of 295 and 25.
5
Calculate the greatest common factor of 3 and 51.
3
What is the greatest common factor of 16 and 416?
16
Calculate the greatest common factor of 2 and 222.
2
Calculate the greatest common divisor of 32 and 16416.
32
Calculate the highest common divisor of 5687 and 94.
47
What is the greatest common divisor of 3227 and 28?
7
Calculate the highest common factor of 460 and 115.
115
What is the highest common factor of 70 and 56?
14
Calculate the highest common factor of 154 and 3311.
77
What is the highest common factor of 903 and 3297?
21
What is the greatest common divisor of 204 and 636?
12
Calculate the highest common factor of 13086 and 18.
18
What is the highest common divisor of 52 and 1300?
52
Calculate the highest common divisor of 1001 and 26.
13
What is the highest common factor of 310 and 970?
10
What is the highest common factor of 106 and 2968?
106
Calculate the greatest common divisor of 252 and 1890.
126
What is the greatest common divisor of 92 and 23?
23
What is the highest common factor of 674 and 24?
2
Calculate the highest common divisor of 162 and 5751.
81
Calculate the greatest common divisor of 704 and 528.
176
Calculate the highest common factor of 134 and 26.
2
Calculate the highest common divisor of 11 and 5731.
11
Calculate the greatest common factor of 10947 and 801.
267
Calculate the greatest common factor of 300 and 60.
60
What is the greatest common divisor of 64 and 1824?
32
Calculate the highest common divisor of 242 and 44.
22
What is the highest common factor of 261 and 232?
29
What is the greatest common divisor of 4004 and 26?
26
What is the highest common factor of 15 and 93?
3
Calculate the highest common divisor of 1410 and 1034.
94
Calculate the highest common factor of 80 and 368.
16
What is the highest common divisor of 1080 and 1035?
45
Calculate the highest common factor of 35 and 28.
7
Calculate the highest common factor of 874 and 4.
2
What is the highest common divisor of 5617 and 685?
137
What is the highest common divisor of 10706 and 106?
106
Calculate the greatest common divisor of 276 and 39.
3
Calculate the highest common factor of 483 and 138.
69
What is the greatest common factor of 9 and 819?
9
What is the greatest common divisor of 125 and 4625?
125
Calculate the greatest common divisor of 116 and 145.
29
Calculate the greatest common factor of 369 and 533.
41
What is the greatest common divisor of 27018 and 114?
114
Calculate the greatest common factor of 12 and 2564.
4
What is the highest common divisor of 13 and 520?
13
What is the greatest common divisor of 1208 and 24?
8
What is the greatest common divisor of 105 and 2485?
35
Calculate the greatest common divisor of 4 and 246.
2
What is the highest common factor of 129 and 3?
3
Calculate the highest common divisor of 10 and 1910.
10
Calculate the greatest common divisor of 22 and 286.
22
Calculate the highest common factor of 22 and 902.
22
Calculate the greatest common factor of 9 and 117.
9
What is the greatest common divisor of 372 and 2108?
124
What is the highest common factor of 246 and 54?
6
What is the greatest common factor of 84 and 54?
6
Calculate the greatest common factor of 540 and 1140.
60
What is the highest common divisor of 5912 and 88?
8
What is the greatest common divisor of 1712 and 64?
16
Calculate the highest common factor of 84 and 1792.
28
What is the highest common factor of 187 and 44?
11
What is the highest common divisor of 15621 and 762?
381
Calculate the highest common factor of 504 and 1400.
56
What is the greatest common divisor of 56 and 10584?
56
Calculate the highest common factor of 75 and 29475.
75
What is the highest common divisor of 32 and 4064?
32
Calculate the greatest common factor of 308 and 352.
44
Calculate the highest common factor of 385 and 110.
55
Calculate the highest common divisor of 90 and 40.
10
Calculate the highest common factor of 52 and 234.
26
Calculate the highest common divisor of 6 and 7278.
6
What is the greatest common divisor of 160 and 66?
2
Calculate the highest common factor of 6 and 114.
6
What is the highest common factor of 37 and 4?
1
What is the greatest common factor of 11 and 5137?
11
Calculate the greatest common factor of 21 and 42.
21
Calculate the highest common factor of 11 and 891.
11
Calculate the highest common divisor of 440 and 935.
55
What is the highest common divisor of 14 and 2968?
14
Calculate the highest common divisor of 310 and 40.
10
Calculate the highest common divisor of 5 and 340.
5
Calculate the highest common divisor of 1638 and 1260.
126
What is the highest common factor of 1962 and 18?
18
What is the highest common factor of 4 and 160?
4
Calculate the greatest common divisor of 4 and 242.
2
What is the greatest common divisor of 2048 and 96?
32
Calculate the greatest common factor of 507 and 4953.
39
What is the highest common factor of 150 and 5150?
50
What is the highest common divisor of 10 and 18?
2
What is the greatest common divisor of 5 and 16945?
5
Calculate the greatest common factor of 552 and 888.
24
What is the greatest common divisor of 279 and 9?
9
Calculate the highest common factor of 336 and 8624.
112
Calculate the greatest common factor of 44 and 110.
22
Calculate the greatest common factor of 8 and 152.
8
Calculate the greatest common factor of 13 and 3.
1
What is the greatest common divisor of 25 and 18475?
25
What is the greatest common divisor of 70 and 10?
10
What is the highest common divisor of 330 and 3420?
30
Calculate the greatest common divisor of 78 and 26.
26
What is the highest common factor of 31 and 465?
31
What is the highest common factor of 2907 and 513?
171
Calculate the greatest common factor of 20 and 47510.
10
Calculate the highest common divisor of 180 and 140.
20
Calculate the highest common divisor of 24 and 328.
8
What is the greatest co